58. Give c(11).
-3
Let o(s) = -2*s**2 + 3*s - 3. Give o(2).
-5
Let g(v) = v**2 - 4*v + 27. What is g(5)?
32
Let u(r) = -14*r - 125. Give u(-9).
1
Let k(v) = -v**3 + 12*v**2 - 7*v - 3. Give k(10).
127
Let y(v) = 2*v**2 - 4*v + 5. Determine y(4).
21
Let l(k) = -2*k + 11. What is l(10)?
-9
Let k(z) = -z**2 + 4*z + 10. What is k(-5)?
-35
Let n(c) = c - 19. Give n(17).
-2
Let j(k) = -k**2 - 20*k - 22. Give j(-11).
77
Let s(c) = 4*c + 93. Determine s(-14).
37
Let i(g) = -g**2 + 4*g + 1. Determine i(-3).
-20
Let y(g) = -g**3 + 19*g**2 + 20*g - 4. Determine y(20).
-4
Let r(d) = -d**2 + 14*d - 11. What is r(9)?
34
Let c(o) = -o**3 + 2*o**2 + o - 14. Calculate c(0).
-14
Let c(m) = 3*m**2 + 8*m - 51. Give c(7).
152
Let m(p) = p**3 + 3*p**2 + 4*p + 2. Give m(-2).
-2
Let l(y) = -4*y**3 + y**2 + 3*y - 2. Calculate l(2).
-24
Let v(m) = 28*m + 1. What is v(1)?
29
Let w(q) = -q**2 - 8*q + 8. Determine w(-8).
8
Let b(p) = -p**3 - p**2 + p + 7. Determine b(0).
7
Let o(m) = -4*m + 3. What is o(5)?
-17
Let i(h) = -2*h - 7. Determine i(-6).
5
Let j(x) = -4*x**3 + x**2 - 3*x - 3. Determine j(-1).
5
Let g(v) = 2*v - 13. Give g(-1).
-15
Let d(i) = -i**3 - 3*i**2 - i + 1. Calculate d(-4).
21
Let b(j) = j**2 + 15*j + 32. Calculate b(-13).
6
Let u(j) = -9*j**3 + 3*j**2 + j + 1. Give u(2).
-57
Let y(f) = -2*f**3 - 14*f**2 - 10*f - 2. What is y(-6)?
-14
Let z(y) = -y**2 - 10*y + 7. Calculate z(-11).
-4
Let j(u) = 5*u**3 - u. Give j(-1).
-4
Let n(c) = c**2 - 12*c - 6. Determine n(13).
7
Let r(n) = 12*n - 15. Determine r(3).
21
Let t(m) = -m**3 - 16*m**2 - 13*m - 2. What is t(-15)?
-32
Let q(z) = -z**2 - 28*z - 76. Give q(-25).
-1
Let d(o) = 3*o - 22. Give d(4).
-10
Let o(f) = -f**2 - 3*f - 6. Determine o(6).
-60
Let j(n) = n**3 - 11*n**2 + 10*n + 13. What is j(10)?
13
Let v(o) = 22*o - 44. Calculate v(3).
22
Let g(k) = k**2 + 8*k + 32. Determine g(-9).
41
Let o(k) = -2*k**2 - 4*k - 8. What is o(7)?
-134
Let o(f) = -13*f - 27. What is o(-3)?
12
Let k(q) = -q**2 + 16*q - 60. Determine k(11).
-5
Let t(a) = -2*a**2 - 18*a - 2. Give t(-10).
-22
Let m(i) = 2*i**2 - 9*i + 1. Determine m(0).
1
Let o(p) = -9*p - 10. Determine o(-4).
26
Let j(t) = -2*t**3 + 7*t**2 + 8*t - 22. Determine j(4).
-6
Let o(c) = -19*c + 27. Calculate o(3).
-30
Let n(m) = -m - 8. Give n(-13).
5
Let u(r) = -r**3 - 4*r**2 + 8*r + 21. Calculate u(-4).
-11
Let d(u) = -4*u - 30. What is d(-7)?
-2
Let z(a) = a**2 + 4*a + 5. What is z(-8)?
37
Let l(c) = 13*c - 4. What is l(-3)?
-43
Let f(h) = h**2 + 18*h - 42. Determine f(-20).
-2
Let s(o) = -o**2 + 14*o - 49. What is s(13)?
-36
Let q(r) = -r**2 + 5*r - 8. What is q(5)?
-8
Let u(z) = 7*z**3 - z**2 - 5. Give u(2).
47
Let k(a) = -2*a**2 + 149*a - 64. What is k(74)?
10
Let m(w) = -w**2 + 5*w - 3. What is m(4)?
1
Let u(d) = d**3 - 8*d**2 + 13*d - 7. What is u(6)?
-1
Let z(i) = -i + 28. What is z(22)?
6
Let q(y) = 8*y**2. Determine q(-1).
8
Let b(n) = 8*n - 1. Give b(5).
39
Let x(c) = -2*c + 44. Determine x(30).
-16
Let h(m) = -m**2 - 8*m - 20. Calculate h(-5).
-5
Let w(n) = -n**2 - 17*n + 15. Give w(-12).
75
Let v(j) = j**2 + 22*j + 35. What is v(-19)?
-22
Let g(n) = n**3 - 5*n**2 - 16*n + 87. What is g(4)?
7
Let x(d) = -d + 26. Calculate x(0).
26
Let m(j) = 3*j + 1. Give m(3).
10
Let j(c) = -c**2 + 11*c + 1. Determine j(12).
-11
Let j(u) = -u**2 + 3*u + 22. Calculate j(-4).
-6
Let f(a) = a**2 - 8*a - 133. Give f(16).
-5
Let n(h) = -h**2 - 2*h. Give n(-2).
0
Let b(x) = -19*x + 308. Determine b(17).
-15
Let k(z) = -2*z**3 + 2*z**2 - 2*z + 8. Give k(2).
-4
Let v(w) = w**3 + 7*w**2 + 5*w + 1. Calculate v(-6).
7
Let h(a) = a**2 - 8. What is h(0)?
-8
Let c(i) = 21*i**3 + i**2 + i + 1. Give c(-1).
-20
Let p(y) = y**3 + 17*y**2 + y + 37. What is p(-17)?
20
Let v(b) = b**3 + 7*b**2 + 7*b - 16. What is v(-5)?
-1
Let u(p) = 8*p + 3. Give u(4).
35
Let g(n) = -n**2 + 8*n. What is g(8)?
0
Let t(o) = 63*o - 1. Calculate t(1).
62
Let o(u) = u**3 + 16*u**2 - 12*u + 78. Determine o(-17).
-7
Let k(j) = -5*j + 15. Give k(-5).
40
Let j(f) = -f**3 - 14*f**2 - 7*f + 17. What is j(-13)?
-61
Let h(w) = 4*w**2 - 4*w - 2. Determine h(-4).
78
Let o(g) = g**3 - 41*g**2 - 43*g + 48. Determine o(42).
6
Let t(o) = o**3 + 7*o**2 + 11*o + 5. What is t(-5)?
0
Let l(f) = -10*f - 24. Determine l(-4).
16
Let m(j) = 2*j**2 - 27*j - 18. What is m(14)?
-4
Let k(f) = -f**2 - 12*f + 46. Give k(-14).
18
Let s(p) = p**2 - 12*p + 5. Give s(11).
-6
Let o(w) = -w**3 - 3*w**2 + 6*w - 6. Give o(-5).
14
Let s(h) = 8*h + 16. Give s(-1).
8
Let o(b) = b**2 - 3*b + 19. Calculate o(0).
19
Let b(o) = o**3 + 2*o**2 - 4*o + 2. Give b(-3).
5
Let n(l) = 108*l + 6. Determine n(-1).
-102
Let q(c) = c**3 + 19*c**2 + 17*c - 22. Calculate q(-18).
-4
Let z(h) = -h**2 + 14*h - 50. What is z(7)?
-1
Let i(z) = 5*z + 1. Give i(-1).
-4
Let d(k) = -4*k + 10. Determine d(7).
-18
Let f(j) = j**2 - 16*j + 36. Calculate f(14).
8
Let m(k) = -k**3 + 5*k**2 - 2*k + 6. Determine m(5).
-4
Let c(u) = 2*u - 56. Give c(0).
-56
Let l(j) = -2*j**3 + 8*j**2 - 7*j + 6. Calculate l(3).
3
Let l(o) = -57*o**3 - 2*o**2 + 4*o + 5. Calculate l(-1).
56
Let j(q) = q**3 - 26*q**2 + 36. What is j(26)?
36
Let p(g) = 2*g**2 + 19*g + 81. Give p(-6).
39
Let g(i) = i**3 - 8*i**2 + 2*i - 14. Calculate g(8).
2
Let r(m) = -3*m - 33. Calculate r(-13).
6
Let l(w) = -11*w**3 + 2*w**2 - 1. Calculate l(-1).
12
Let t(g) = g**2 + 20*g + 43. Determine t(-18).
7
Let u(h) = h**3 - 18*h**2 - 21*h + 23. Determine u(19).
-15
Let u(x) = 9*x. What is u(2)?
18
Let k(o) = o**3 + 26*o**2 + 26*o + 40. Determine k(-25).
15
Let w(s) = 5*s + 31. Give w(-9).
-14
Let g(a) = -32*a**2 + a - 1. Give g(1).
-32
Let z(v) = -27*v + 15. Calculate z(2).
-39
Let u(f) = 3*f - 10. Give u(4).
2
Let b(r) = 8*r + 21. What is b(-3)?
-3
Let q(i) = -3*i**2 - 2*i + 4. Calculate q(-3).
-17
Let y(d) = -d**3 - 22*d**2 + 49*d + 23. What is y(-24)?
-1
Let i(w) = -2*w - 26. What is i(-15)?
4
Let d(b) = b - 7. Give d(-8).
-15
Let n(w) = -w - 18. Calculate n(-12).
-6
Let p(z) = -20*z + 13. What is p(1)?
-7
Let f(h) = -h + 8. Determine f(11).
-3
Let q(x) = 8*x + 7. Give q(-6).
-41
Let u(a) = 32*a + 382. Calculate u(-12).
-2
Let w(a) = -26*a + 152. Determine w(7).
-30
Let j(z) = -2*z**2 - 6*z - 11. Give j(-7).
-67
Let v(f) = f**3 - 2*f**2 - f + 33. Give v(0).
33
Let t(p) = -27*p - 5. Determine t(3).
-86
Let s(t) = -2*t - 20. Give s(-6).
-8
Let d(l) = 2*l**3 - 12*l**2 + 6*l - 16. Determine d(6).
20
Let s(g) = -6*g + 225. What is s(38)?
-3
Let t(u) = -u**3 + 11*u**2 + u - 10. Give t(11).
1
Let n(q) = -q + 3. Give n(11).
-8
Let t(v) = -40*v. Calculate t(-1).
40
Let g(o) = o**2 + 28*o - 26. What is g(-29)?
3
Let p(s) = s**3 - 6. What is p(0)?
-6
Let k(m) = 4*m**2 - 5*m - 26. Calculate k(-2).
0
Let s(t) = -t**2 + 17*t - 26. Calculate s(14).
16
Let a(u) = u**3 - 7*u**2 + 4*u - 5. Give a(6).
-17
Let g(k) = 14*k - 22. Calculate g(-4).
-78
Let d(j) = -10*j**2 - 130*j - 5. Calculate d(-13).
-5
Let u(r) = 8*r - 1. Determine u(1).
7
Let l(o) = o**3 - 7*o**2 + 2*o - 5. Calculate l(7).
9
Let t(x) = -2*x**2 + 4*x - 3. Calculate t(5).
-33
Let s(b) = 10*b**2 - 4*b + 3. What is s(2)?
35
Let n(a) = 7*a + 25. Determine n(-6).
-17
Let o(b) = b**3 + 12*b**2 + 21*b + 18. Give o(-10).
8
Let v(h) = -5*h + 5. Give v(1).
0
Let v(t) = 32*t**2 - 8*t - 1. Give v(-2).
143
Let m(x) = -2*x**2 - 46*x + 55. Determine m(-24).
7
Let h(z) = z**3 + 5*z**2 + 3*z - 1. What is h(-3)?
8
Let g(q) = -8*q**2 - 4*q - 3. Calculate g(-2).
-27
Let v(c) = c**2 - 15*c + 17. Give v(13).
-9
Let k(f) = 7*f + 3. Calculate k(-3).
-18
Let y(o) = -6*o - 131. Determine y(-14).
-47
Let m(v) = -2*v**2 - 24*v - 29. What is m(-10)?
11
Let i(g) = g**3 - 16*g**2 + 28*g - 9. Give i(13).
-152
Let h(o) = o**2 + 28*o - 333. Give h(-37).
0
Let k(t) = -2*t**3 + 10*t**2 - t + 5. What is k(0)?
5
Let z(o) = o**3 - 9*o**2 - o + 13. Determine z(9).
4
Let c(d) = -d**2 - 15*d + 27. Determine c(-16).
11
Let p(x) = 3*x**2 + 2*x + 4. Calculate p(-4).
44
Let t(q) = -34*q**2 + 6. Determine t(-2).
-130
Let f(c) = 2*c - 25. Calculate f(8).
-9
Let p(l) = l**3 - 6*l**2 + 2*l + 13. Calculate p(5).
-2
Let j(a) = -a - 3. What is j(5)?
-8
Let i(y) = 16*y**3 + 2*y**2 + 2. Determine i(2).
138
Let q(h) = h**2 + 5*h - 3. Determine q(-6).
3
Let g(t) = -29*t - 91. Give g(-3).
-4
Let n(m) = m**2 - 9. Give n(-4).
7
Le